 a prime number?
False
Is 172849 composite?
False
Is 89855 a prime number?
False
Is 252277 composite?
False
Is 186365 a composite number?
True
Is 98449 composite?
True
Is 291713 a prime number?
False
Is 5557 prime?
True
Is 177101 a prime number?
True
Is 111649 prime?
False
Is 8059 a prime number?
True
Is 381379 a composite number?
True
Is 29255 prime?
False
Is 19661 a prime number?
True
Is 98729 a composite number?
False
Is 81223 a composite number?
False
Is 5519 composite?
False
Is 896443 composite?
False
Is 668567 composite?
False
Is 8399 prime?
False
Is 8077 prime?
False
Is 70883 a composite number?
True
Is 4253 a composite number?
False
Is 1096541 a prime number?
True
Is 16249 a prime number?
True
Is 93787 composite?
False
Is 152455 a prime number?
False
Is 1960903 prime?
False
Is 1031705 a prime number?
False
Is 97771 prime?
True
Is 30298 a prime number?
False
Is 14251 prime?
True
Is 54889 a composite number?
True
Is 314879 composite?
False
Is 89189 a prime number?
True
Is 2411 prime?
True
Is 19077 composite?
True
Is 8033 prime?
False
Is 617455 composite?
True
Is 2393 a prime number?
True
Is 445481 a prime number?
False
Is 1907203 prime?
True
Is 3902 prime?
False
Is 5979 a composite number?
True
Is 122993 prime?
False
Is 4043 a composite number?
True
Is 123841 prime?
False
Is 479 a composite number?
False
Is 25477 a composite number?
True
Is 16715 a composite number?
True
Is 202669 prime?
False
Is 3458393 a composite number?
False
Is 480707 a prime number?
True
Is 27611 a prime number?
True
Is 502441 a composite number?
False
Is 118873 prime?
True
Is 19799 a prime number?
False
Is 375329 composite?
True
Is 249 a composite number?
True
Is 164701 composite?
False
Is 192959 a prime number?
False
Is 199943 a composite number?
True
Is 39341 a prime number?
True
Is 1361 a composite number?
False
Is 423145 prime?
False
Is 501187 a prime number?
True
Is 524341 a composite number?
False
Is 151327 prime?
False
Is 277637 a prime number?
True
Is 11027 a prime number?
True
Is 10207 a composite number?
True
Is 1007 a composite number?
True
Is 3407 prime?
True
Is 79451 a composite number?
False
Is 18695 composite?
True
Is 547223 a composite number?
False
Is 26627 a composite number?
False
Is 135389 a composite number?
False
Is 1535 a composite number?
True
Is 11863 composite?
False
Is 1151911 a prime number?
True
Is 32297 a prime number?
True
Is 164563 composite?
True
Is 21269 a prime number?
True
Is 37451 a composite number?
True
Is 34211 composite?
False
Is 350741 prime?
True
Is 255043 a composite number?
False
Is 40085 a prime number?
False
Is 1259 a prime number?
True
Is 17741 a prime number?
False
Is 112843 prime?
True
Is 694 a composite number?
True
Is 81979 a prime number?
False
Is 1403 a composite number?
True
Is 52618 composite?
True
Is 1142423 prime?
True
Is 83693 composite?
True
Is 2444909 a composite number?
False
Is 201329 composite?
False
Is 1471 prime?
True
Is 9511 a prime number?
True
Is 553003 prime?
False
Is 2058893 a prime number?
True
Is 21001 composite?
False
Is 3271 a composite number?
False
Is 3353 composite?
True
Is 179429 composite?
False
Is 685247 prime?
True
Is 12811 a composite number?
True
Is 10723 composite?
False
Is 165489 a prime number?
False
Is 495847 a composite number?
True
Is 1931 composite?
False
Is 33547 a composite number?
False
Is 168395 prime?
False
Is 690749 composite?
True
Is 41497 a prime number?
False
Is 4406 composite?
True
Is 15353 a prime number?
False
Is 10841 composite?
True
Is 116789 a composite number?
False
Is 6761 a composite number?
False
Is 60133 composite?
False
Is 1471 prime?
True
Is 24671 a prime number?
True
Is 2357 a prime number?
True
Is 147097 composite?
False
Is 514949 a composite number?
False
Is 997 composite?
False
Is 10423 composite?
True
Is 1175597 a composite number?
True
Is 315043 prime?
False
Is 457469 composite?
False
Is 2285 a prime number?
False
Is 12223 a prime number?
False
Is 115459 composite?
False
Is 751 a prime number?
True
Is 55949 composite?
False
Is 3433 composite?
False
Is 3996869 a prime number?
True
Is 807071 a composite number?
False
Is 319417 a prime number?
False
Is 2333 a prime number?
True
Is 239419 a prime number?
False
Is 14903 a composite number?
True
Is 91327 a prime number?
False
Is 2305561 composite?
True
Is 16999 a composite number?
True
Is 446 composite?
True
Is 30781 a prime number?
True
Is 29459 a prime number?
False
Is 4139 a composite number?
False
Is 1657 prime?
True
Is 339539 a composite number?
False
Is 2173 a composite number?
True
Is 138959 composite?
False
Is 279469 composite?
True
Is 1567 a prime number?
True
Is 14387 prime?
True
Is 372257 a prime number?
False
Is 48641 a prime number?
False
Is 164383 a composite number?
True
Is 9902 a prime number?
False
Is 431141 prime?
True
Is 283835 composite?
True
Is 53329 prime?
False
Is 57073 composite?
False
Is 46609 a composite number?
True
Is 432227 a composite number?
False
Is 177647 a composite number?
False
Is 7993 composite?
False
Is 24359 a prime number?
True
Is 42145 a prime number?
False
Is 690503 a composite number?
True
Is 12893 a prime number?
True
Is 427277 a composite number?
True
Is 5669 a prime number?
True
Is 223 a prime number?
True
Is 1140233 composite?
False
Is 7481 composite?
False
Is 2309 prime?
True
Is 2815 a composite number?
True
Is 5989 a prime number?
False
Is 19369 composite?
True
Is 14041 composite?
True
Is 260519 prime?
False
Is 1123279 composite?
False
Is 6407 composite?
True
Is 3137 prime?
True
Is 7607 composite?
False
Is 116979 prime?
False
Is 4798713 composite?
True
Is 143363 composite?
True
Is 36029 a prime number?
False
Is 1120343 composite?
True
Is 62039 a composite number?
False
Is 1662803 composite?
False
Is 161641 composite?
False
Is 13607 a composite number?
True
Is 24257 prime?
False
Is 7031 composite?
True
Is 257519 composite?
False
Is 118793 prime?
False
Is 6589 a composite number?
True
Is 9961 a prime number?
False
Is 37903 a prime number?
False
Is 13963 a composite number?
False
Is 2494421 a composite number?
False
Is 23158 prime?
False
Is 139483 a composite number?
False
Is 9029 composite?
False
Is 4691 composite?
False
Is 9773 a composite number?
True
Is 79913 prime?
False
Is 27829 a composite number?
True
Is 5129 prime?
False
Is 233 composite?
False
Is 1146281 prime?
True
Is 4952543 a composite number?
False
Is 19031 a prime number?
True
Is 109031 prime?
False
Is 29411 a prime number?
True
Is 21583 composite?
True
Is 2487 a composite number?
True
Is 1823 a composite number?
False
Is 19661 a composite number?
False
Is 3593 a composite number?
False
Is 148945 prime?
False
Is 1189 a composite number?
True
Is 174281 a prime number?
True
Is 783119 composite?
False
Is 143419 prime?
True
Is 4126 prime?
False
Is 12977 composite?
True
Is 23233 a composite number?
True
Is 48467 a composite number?
True
Is 917417 prime?
False
Is 6073 a prime number?
True
Is 476823 a composite number?
True
Is 18089 prime?
True
Is 1380421 a prime number?
False
Is 84299 a composite number?
False
Is 73631 a composite number?
True
Is 38419 prime?
False
Is 14243 prime?
True
Is 22469 a composite number?
False
Is 852793 a prime number?
True
Is 662161 a prime number?
False
Is 1593067 prime?
False
Is 306271 prime?
False
Is 230801 composite?
True
Is 1451 prime?
True
Is 85331 a composite number?
False
Is 179831 a prime number?
False
Is 327363 a prime number?
False
Is 79801 a prime number?
True
Is 1776541 composite?
True
Is 1847 a prime number?
True
Is 47327 prime?
False
Is 482821 prime?
False
Is 20897 a prime number?
True
Is 3713 a prime number?
False
Is 116771 composite?
True
Is 461953 prime?
False
Is 13771 composite?
True
Is 20887 a composite number?
False
Is 851 a prime number?
False
Is 32447 prime?
False
Is 13157 composite?
True
Is 3223 a prime number?
False
Is 99971 a prime number?
True
Is 5951 a prime number?
False
Is 2237 composite?
False
Is 886 composite?
True
Is 33513 a composite number?
True
Is 1413131 composite?
False
Is 3463 composite?
False
Is 663407 a prime number?
True
Is 76801 composite?
False
Is 58885 a composite number?
True
Is 119921 a prime number?
True
Is 2281431 a prime number?
False
Is 48407 a prime number?
True
Is 220613 composite?
False
Is 9677 prime?
True
Is 1786